{"id":16129,"date":"2024-12-04T15:32:46","date_gmt":"2024-12-04T13:32:46","guid":{"rendered":"https:\/\/sunnsait.at\/wp-content\/uploads\/2024\/12\/Foto-Fruehstueck-Matthias-Warter-quer.jpg"},"modified":"2024-12-04T15:33:06","modified_gmt":"2024-12-04T13:33:06","slug":"foto-fruehstueck-matthias-warter-quer-2","status":"inherit","type":"attachment","link":"https:\/\/sunnsait.at\/en\/enjoy\/breakfast\/foto-fruehstueck-matthias-warter-quer-2\/","title":{"rendered":"Foto Fr\u00fchst\u00fcck-Matthias Warter-quer"},"author":2,"featured_media":0,"comment_status":"closed","ping_status":"closed","template":"","meta":{"_acf_changed":false},"class_list":["post-16129","attachment","type-attachment","status-inherit","hentry"],"acf":[],"yoast_head":"<!-- This site is optimized with the Yoast SEO plugin v27.3 - https:\/\/yoast.com\/product\/yoast-seo-wordpress\/ -->\n<title>Foto Fr\u00fchst\u00fcck-Matthias Warter-quer - Sunnsait, Appartements f\u00fcr Genie\u00dfer<\/title>\n<meta name=\"robots\" content=\"index, follow, max-snippet:-1, max-image-preview:large, max-video-preview:-1\" \/>\n<link rel=\"canonical\" href=\"https:\/\/sunnsait.at\/wp-content\/uploads\/2024\/12\/Foto-Fruehstueck-Matthias-Warter-quer.jpg\" \/>\n<meta property=\"og:locale\" content=\"en_US\" \/>\n<meta property=\"og:type\" content=\"article\" \/>\n<meta property=\"og:title\" content=\"Foto Fr\u00fchst\u00fcck-Matthias Warter-quer - Sunnsait, Appartements f\u00fcr Genie\u00dfer\" \/>\n<meta property=\"og:url\" content=\"https:\/\/sunnsait.at\/wp-content\/uploads\/2024\/12\/Foto-Fruehstueck-Matthias-Warter-quer.jpg\" \/>\n<meta property=\"og:site_name\" content=\"Sunnsait, Appartements f\u00fcr Genie\u00dfer\" \/>\n<meta property=\"article:modified_time\" content=\"2024-12-04T13:33:06+00:00\" \/>\n<meta property=\"og:image\" content=\"https:\/\/sunnsait.at\/wp-content\/uploads\/2024\/12\/Foto-Fruehstueck-Matthias-Warter-quer.jpg\" \/>\n\t<meta property=\"og:image:width\" content=\"1600\" \/>\n\t<meta property=\"og:image:height\" content=\"1100\" \/>\n\t<meta property=\"og:image:type\" content=\"image\/jpeg\" \/>\n<script type=\"application\/ld+json\" class=\"yoast-schema-graph\">{\"@context\":\"https:\\\/\\\/schema.org\",\"@graph\":[{\"@type\":\"WebPage\",\"@id\":\"https:\\\/\\\/sunnsait.at\\\/wp-content\\\/uploads\\\/2024\\\/12\\\/Foto-Fruehstueck-Matthias-Warter-quer.jpg\",\"url\":\"https:\\\/\\\/sunnsait.at\\\/wp-content\\\/uploads\\\/2024\\\/12\\\/Foto-Fruehstueck-Matthias-Warter-quer.jpg\",\"name\":\"Foto Fr\u00fchst\u00fcck-Matthias Warter-quer - Sunnsait, Appartements f\u00fcr Genie\u00dfer\",\"isPartOf\":{\"@id\":\"https:\\\/\\\/sunnsait.at\\\/en\\\/#website\"},\"datePublished\":\"2024-12-04T13:32:46+00:00\",\"dateModified\":\"2024-12-04T13:33:06+00:00\",\"breadcrumb\":{\"@id\":\"https:\\\/\\\/sunnsait.at\\\/wp-content\\\/uploads\\\/2024\\\/12\\\/Foto-Fruehstueck-Matthias-Warter-quer.jpg#breadcrumb\"},\"inLanguage\":\"en-US\",\"potentialAction\":[{\"@type\":\"ReadAction\",\"target\":[\"https:\\\/\\\/sunnsait.at\\\/wp-content\\\/uploads\\\/2024\\\/12\\\/Foto-Fruehstueck-Matthias-Warter-quer.jpg\"]}]},{\"@type\":\"BreadcrumbList\",\"@id\":\"https:\\\/\\\/sunnsait.at\\\/wp-content\\\/uploads\\\/2024\\\/12\\\/Foto-Fruehstueck-Matthias-Warter-quer.jpg#breadcrumb\",\"itemListElement\":[{\"@type\":\"ListItem\",\"position\":1,\"name\":\"Home\",\"item\":\"https:\\\/\\\/sunnsait.at\\\/en\\\/\"},{\"@type\":\"ListItem\",\"position\":2,\"name\":\"Enjoy\",\"item\":\"https:\\\/\\\/sunnsait.at\\\/en\\\/enjoy\\\/\"},{\"@type\":\"ListItem\",\"position\":3,\"name\":\"Breakfast and more\",\"item\":\"https:\\\/\\\/sunnsait.at\\\/en\\\/enjoy\\\/breakfast\\\/\"},{\"@type\":\"ListItem\",\"position\":4,\"name\":\"Foto Fr\u00fchst\u00fcck-Matthias Warter-quer\"}]},{\"@type\":\"WebSite\",\"@id\":\"https:\\\/\\\/sunnsait.at\\\/en\\\/#website\",\"url\":\"https:\\\/\\\/sunnsait.at\\\/en\\\/\",\"name\":\"Sunnsait, Appartements f\u00fcr Genie\u00dfer\",\"description\":\"Eine weitere WordPress-Seite\",\"potentialAction\":[{\"@type\":\"SearchAction\",\"target\":{\"@type\":\"EntryPoint\",\"urlTemplate\":\"https:\\\/\\\/sunnsait.at\\\/en\\\/?s={search_term_string}\"},\"query-input\":{\"@type\":\"PropertyValueSpecification\",\"valueRequired\":true,\"valueName\":\"search_term_string\"}}],\"inLanguage\":\"en-US\"}]}<\/script>\n<!-- \/ Yoast SEO plugin. -->","yoast_head_json":{"title":"Foto Fr\u00fchst\u00fcck-Matthias Warter-quer - Sunnsait, Appartements f\u00fcr Genie\u00dfer","robots":{"index":"index","follow":"follow","max-snippet":"max-snippet:-1","max-image-preview":"max-image-preview:large","max-video-preview":"max-video-preview:-1"},"canonical":"https:\/\/sunnsait.at\/wp-content\/uploads\/2024\/12\/Foto-Fruehstueck-Matthias-Warter-quer.jpg","og_locale":"en_US","og_type":"article","og_title":"Foto Fr\u00fchst\u00fcck-Matthias Warter-quer - Sunnsait, Appartements f\u00fcr Genie\u00dfer","og_url":"https:\/\/sunnsait.at\/wp-content\/uploads\/2024\/12\/Foto-Fruehstueck-Matthias-Warter-quer.jpg","og_site_name":"Sunnsait, Appartements f\u00fcr Genie\u00dfer","article_modified_time":"2024-12-04T13:33:06+00:00","og_image":[{"width":1600,"height":1100,"url":"https:\/\/sunnsait.at\/wp-content\/uploads\/2024\/12\/Foto-Fruehstueck-Matthias-Warter-quer.jpg","type":"image\/jpeg"}],"schema":{"@context":"https:\/\/schema.org","@graph":[{"@type":"WebPage","@id":"https:\/\/sunnsait.at\/wp-content\/uploads\/2024\/12\/Foto-Fruehstueck-Matthias-Warter-quer.jpg","url":"https:\/\/sunnsait.at\/wp-content\/uploads\/2024\/12\/Foto-Fruehstueck-Matthias-Warter-quer.jpg","name":"Foto Fr\u00fchst\u00fcck-Matthias Warter-quer - Sunnsait, Appartements f\u00fcr Genie\u00dfer","isPartOf":{"@id":"https:\/\/sunnsait.at\/en\/#website"},"datePublished":"2024-12-04T13:32:46+00:00","dateModified":"2024-12-04T13:33:06+00:00","breadcrumb":{"@id":"https:\/\/sunnsait.at\/wp-content\/uploads\/2024\/12\/Foto-Fruehstueck-Matthias-Warter-quer.jpg#breadcrumb"},"inLanguage":"en-US","potentialAction":[{"@type":"ReadAction","target":["https:\/\/sunnsait.at\/wp-content\/uploads\/2024\/12\/Foto-Fruehstueck-Matthias-Warter-quer.jpg"]}]},{"@type":"BreadcrumbList","@id":"https:\/\/sunnsait.at\/wp-content\/uploads\/2024\/12\/Foto-Fruehstueck-Matthias-Warter-quer.jpg#breadcrumb","itemListElement":[{"@type":"ListItem","position":1,"name":"Home","item":"https:\/\/sunnsait.at\/en\/"},{"@type":"ListItem","position":2,"name":"Enjoy","item":"https:\/\/sunnsait.at\/en\/enjoy\/"},{"@type":"ListItem","position":3,"name":"Breakfast and more","item":"https:\/\/sunnsait.at\/en\/enjoy\/breakfast\/"},{"@type":"ListItem","position":4,"name":"Foto Fr\u00fchst\u00fcck-Matthias Warter-quer"}]},{"@type":"WebSite","@id":"https:\/\/sunnsait.at\/en\/#website","url":"https:\/\/sunnsait.at\/en\/","name":"Sunnsait, Appartements f\u00fcr Genie\u00dfer","description":"Eine weitere WordPress-Seite","potentialAction":[{"@type":"SearchAction","target":{"@type":"EntryPoint","urlTemplate":"https:\/\/sunnsait.at\/en\/?s={search_term_string}"},"query-input":{"@type":"PropertyValueSpecification","valueRequired":true,"valueName":"search_term_string"}}],"inLanguage":"en-US"}]}},"description":{"rendered":"<p class=\"attachment\"><a href='https:\/\/sunnsait.at\/wp-content\/uploads\/2024\/12\/Foto-Fruehstueck-Matthias-Warter-quer.jpg'><img loading=\"lazy\" decoding=\"async\" width=\"200\" height=\"138\" src=\"https:\/\/sunnsait.at\/wp-content\/uploads\/2024\/12\/Foto-Fruehstueck-Matthias-Warter-quer-200x138.jpg\" class=\"attachment-medium size-medium\" alt=\"Fr\u00fchst\u00fcckswagen im Sunnsait Urlaub\" srcset=\"https:\/\/sunnsait.at\/wp-content\/uploads\/2024\/12\/Foto-Fruehstueck-Matthias-Warter-quer-200x138.jpg 200w, https:\/\/sunnsait.at\/wp-content\/uploads\/2024\/12\/Foto-Fruehstueck-Matthias-Warter-quer-440x303.jpg 440w, https:\/\/sunnsait.at\/wp-content\/uploads\/2024\/12\/Foto-Fruehstueck-Matthias-Warter-quer-768x528.jpg 768w, https:\/\/sunnsait.at\/wp-content\/uploads\/2024\/12\/Foto-Fruehstueck-Matthias-Warter-quer-1536x1056.jpg 1536w, https:\/\/sunnsait.at\/wp-content\/uploads\/2024\/12\/Foto-Fruehstueck-Matthias-Warter-quer-73x50.jpg 73w, https:\/\/sunnsait.at\/wp-content\/uploads\/2024\/12\/Foto-Fruehstueck-Matthias-Warter-quer-800x550.jpg 800w, https:\/\/sunnsait.at\/wp-content\/uploads\/2024\/12\/Foto-Fruehstueck-Matthias-Warter-quer-60x40.jpg 60w, https:\/\/sunnsait.at\/wp-content\/uploads\/2024\/12\/Foto-Fruehstueck-Matthias-Warter-quer-170x117.jpg 170w, https:\/\/sunnsait.at\/wp-content\/uploads\/2024\/12\/Foto-Fruehstueck-Matthias-Warter-quer.jpg 1600w\" sizes=\"auto, (max-width: 200px) 100vw, 200px\" \/><\/a><\/p>\n"},"caption":{"rendered":""},"alt_text":"Fr\u00fchst\u00fcckswagen im Sunnsait Urlaub","media_type":"image","mime_type":"image\/jpeg","media_details":{"width":1600,"height":1100,"file":"2024\/12\/Foto-Fruehstueck-Matthias-Warter-quer.jpg","filesize":361554,"sizes":{"medium":{"file":"Foto-Fruehstueck-Matthias-Warter-quer-200x138.jpg","width":200,"height":138,"filesize":28886,"mime_type":"image\/jpeg","source_url":"https:\/\/sunnsait.at\/wp-content\/uploads\/2024\/12\/Foto-Fruehstueck-Matthias-Warter-quer-200x138.jpg"},"large":{"file":"Foto-Fruehstueck-Matthias-Warter-quer-440x303.jpg","width":440,"height":303,"filesize":53898,"mime_type":"image\/jpeg","source_url":"https:\/\/sunnsait.at\/wp-content\/uploads\/2024\/12\/Foto-Fruehstueck-Matthias-Warter-quer-440x303.jpg"},"thumbnail":{"file":"Foto-Fruehstueck-Matthias-Warter-quer-150x150.jpg","width":150,"height":150,"filesize":27480,"mime_type":"image\/jpeg","source_url":"https:\/\/sunnsait.at\/wp-content\/uploads\/2024\/12\/Foto-Fruehstueck-Matthias-Warter-quer-150x150.jpg"},"medium_large":{"file":"Foto-Fruehstueck-Matthias-Warter-quer-768x528.jpg","width":768,"height":528,"filesize":101099,"mime_type":"image\/jpeg","source_url":"https:\/\/sunnsait.at\/wp-content\/uploads\/2024\/12\/Foto-Fruehstueck-Matthias-Warter-quer-768x528.jpg"},"1536x1536":{"file":"Foto-Fruehstueck-Matthias-Warter-quer-1536x1056.jpg","width":1536,"height":1056,"filesize":244528,"mime_type":"image\/jpeg","source_url":"https:\/\/sunnsait.at\/wp-content\/uploads\/2024\/12\/Foto-Fruehstueck-Matthias-Warter-quer-1536x1056.jpg"},"partnerlogo":{"file":"Foto-Fruehstueck-Matthias-Warter-quer-73x50.jpg","width":73,"height":50,"filesize":20856,"mime_type":"image\/jpeg","source_url":"https:\/\/sunnsait.at\/wp-content\/uploads\/2024\/12\/Foto-Fruehstueck-Matthias-Warter-quer-73x50.jpg"},"bg-s":{"file":"Foto-Fruehstueck-Matthias-Warter-quer-800x550.jpg","width":800,"height":550,"filesize":106055,"mime_type":"image\/jpeg","source_url":"https:\/\/sunnsait.at\/wp-content\/uploads\/2024\/12\/Foto-Fruehstueck-Matthias-Warter-quer-800x550.jpg"},"bg-thumb":{"file":"Foto-Fruehstueck-Matthias-Warter-quer-60x40.jpg","width":60,"height":40,"filesize":20183,"mime_type":"image\/jpeg","source_url":"https:\/\/sunnsait.at\/wp-content\/uploads\/2024\/12\/Foto-Fruehstueck-Matthias-Warter-quer-60x40.jpg"},"gallery-thumb":{"file":"Foto-Fruehstueck-Matthias-Warter-quer-240x240.jpg","width":240,"height":240,"filesize":36972,"mime_type":"image\/jpeg","source_url":"https:\/\/sunnsait.at\/wp-content\/uploads\/2024\/12\/Foto-Fruehstueck-Matthias-Warter-quer-240x240.jpg"},"press-cover":{"file":"Foto-Fruehstueck-Matthias-Warter-quer-170x117.jpg","width":170,"height":117,"filesize":26607,"mime_type":"image\/jpeg","source_url":"https:\/\/sunnsait.at\/wp-content\/uploads\/2024\/12\/Foto-Fruehstueck-Matthias-Warter-quer-170x117.jpg"},"post-thumbnail":{"file":"Foto-Fruehstueck-Matthias-Warter-quer-125x125.jpg","width":125,"height":125,"filesize":25376,"mime_type":"image\/jpeg","source_url":"https:\/\/sunnsait.at\/wp-content\/uploads\/2024\/12\/Foto-Fruehstueck-Matthias-Warter-quer-125x125.jpg"},"full":{"file":"Foto-Fruehstueck-Matthias-Warter-quer.jpg","width":1600,"height":1100,"mime_type":"image\/jpeg","source_url":"https:\/\/sunnsait.at\/wp-content\/uploads\/2024\/12\/Foto-Fruehstueck-Matthias-Warter-quer.jpg"}},"image_meta":{"aperture":"0","credit":"Matthias Warter","camera":"Canon EOS R5","caption":"","created_timestamp":"1724339736","copyright":"Matthias Warter","focal_length":"0","iso":"0","shutter_speed":"0","title":"","orientation":"1","keywords":[]}},"post":1633,"source_url":"https:\/\/sunnsait.at\/wp-content\/uploads\/2024\/12\/Foto-Fruehstueck-Matthias-Warter-quer.jpg","_links":{"self":[{"href":"https:\/\/sunnsait.at\/en\/wp-json\/wp\/v2\/media\/16129","targetHints":{"allow":["GET"]}}],"collection":[{"href":"https:\/\/sunnsait.at\/en\/wp-json\/wp\/v2\/media"}],"about":[{"href":"https:\/\/sunnsait.at\/en\/wp-json\/wp\/v2\/types\/attachment"}],"author":[{"embeddable":true,"href":"https:\/\/sunnsait.at\/en\/wp-json\/wp\/v2\/users\/2"}],"replies":[{"embeddable":true,"href":"https:\/\/sunnsait.at\/en\/wp-json\/wp\/v2\/comments?post=16129"}],"wp:attached-to":[{"embeddable":true,"post_type":"page","id":1633,"href":"https:\/\/sunnsait.at\/en\/wp-json\/wp\/v2\/pages\/1633"}],"curies":[{"name":"wp","href":"https:\/\/api.w.org\/{rel}","templated":true}]}}

Foto Frühstück-Matthias Warter-quer

<!-- This site is optimized with the Yoast SEO plugin v27.3 - https://yoast.com/product/yoast-seo-wordpress/ -->
<title>Foto Frühstück-Matthias Warter-quer - Sunnsait, Appartements für Genießer</title>
<meta name="robots" content="index, follow, max-snippet:-1, max-image-preview:large, max-video-preview:-1" />
<link rel="canonical" href="https://sunnsait.at/wp-content/uploads/2024/12/Foto-Fruehstueck-Matthias-Warter-quer.jpg" />
<meta property="og:locale" content="en_US" />
<meta property="og:type" content="article" />
<meta property="og:title" content="Foto Frühstück-Matthias Warter-quer - Sunnsait, Appartements für Genießer" />
<meta property="og:url" content="https://sunnsait.at/wp-content/uploads/2024/12/Foto-Fruehstueck-Matthias-Warter-quer.jpg" />
<meta property="og:site_name" content="Sunnsait, Appartements für Genießer" />
<meta property="article:modified_time" content="2024-12-04T13:33:06+00:00" />
<meta property="og:image" content="https://sunnsait.at/wp-content/uploads/2024/12/Foto-Fruehstueck-Matthias-Warter-quer.jpg" />
	<meta property="og:image:width" content="1600" />
	<meta property="og:image:height" content="1100" />
	<meta property="og:image:type" content="image/jpeg" />
<script type="application/ld+json" class="yoast-schema-graph">{"@context":"https:\/\/schema.org","@graph":[{"@type":"WebPage","@id":"https:\/\/sunnsait.at\/wp-content\/uploads\/2024\/12\/Foto-Fruehstueck-Matthias-Warter-quer.jpg","url":"https:\/\/sunnsait.at\/wp-content\/uploads\/2024\/12\/Foto-Fruehstueck-Matthias-Warter-quer.jpg","name":"Foto Frühstück-Matthias Warter-quer - Sunnsait, Appartements für Genießer","isPartOf":{"@id":"https:\/\/sunnsait.at\/en\/#website"},"datePublished":"2024-12-04T13:32:46+00:00","dateModified":"2024-12-04T13:33:06+00:00","breadcrumb":{"@id":"https:\/\/sunnsait.at\/wp-content\/uploads\/2024\/12\/Foto-Fruehstueck-Matthias-Warter-quer.jpg#breadcrumb"},"inLanguage":"en-US","potentialAction":[{"@type":"ReadAction","target":["https:\/\/sunnsait.at\/wp-content\/uploads\/2024\/12\/Foto-Fruehstueck-Matthias-Warter-quer.jpg"]}]},{"@type":"BreadcrumbList","@id":"https:\/\/sunnsait.at\/wp-content\/uploads\/2024\/12\/Foto-Fruehstueck-Matthias-Warter-quer.jpg#breadcrumb","itemListElement":[{"@type":"ListItem","position":1,"name":"Home","item":"https:\/\/sunnsait.at\/en\/"},{"@type":"ListItem","position":2,"name":"Enjoy","item":"https:\/\/sunnsait.at\/en\/enjoy\/"},{"@type":"ListItem","position":3,"name":"Breakfast and more","item":"https:\/\/sunnsait.at\/en\/enjoy\/breakfast\/"},{"@type":"ListItem","position":4,"name":"Foto Frühstück-Matthias Warter-quer"}]},{"@type":"WebSite","@id":"https:\/\/sunnsait.at\/en\/#website","url":"https:\/\/sunnsait.at\/en\/","name":"Sunnsait, Appartements für Genießer","description":"Eine weitere WordPress-Seite","potentialAction":[{"@type":"SearchAction","target":{"@type":"EntryPoint","urlTemplate":"https:\/\/sunnsait.at\/en\/?s={search_term_string}"},"query-input":{"@type":"PropertyValueSpecification","valueRequired":true,"valueName":"search_term_string"}}],"inLanguage":"en-US"}]}</script>
<!-- / Yoast SEO plugin. -->

Foto Frühstück-Matthias Warter-quer - Sunnsait, Appartements für Genießer

Sunnsait, Appartements für Genießer

<p class="attachment"><a href='https://sunnsait.at/wp-content/uploads/2024/12/Foto-Fruehstueck-Matthias-Warter-quer.jpg'><img loading="lazy" decoding="async" width="200" height="138" src="https://sunnsait.at/wp-content/uploads/2024/12/Foto-Fruehstueck-Matthias-Warter-quer-200x138.jpg" class="attachment-medium size-medium" alt="Frühstückswagen im Sunnsait Urlaub" srcset="https://sunnsait.at/wp-content/uploads/2024/12/Foto-Fruehstueck-Matthias-Warter-quer-200x138.jpg 200w, https://sunnsait.at/wp-content/uploads/2024/12/Foto-Fruehstueck-Matthias-Warter-quer-440x303.jpg 440w, https://sunnsait.at/wp-content/uploads/2024/12/Foto-Fruehstueck-Matthias-Warter-quer-768x528.jpg 768w, https://sunnsait.at/wp-content/uploads/2024/12/Foto-Fruehstueck-Matthias-Warter-quer-1536x1056.jpg 1536w, https://sunnsait.at/wp-content/uploads/2024/12/Foto-Fruehstueck-Matthias-Warter-quer-73x50.jpg 73w, https://sunnsait.at/wp-content/uploads/2024/12/Foto-Fruehstueck-Matthias-Warter-quer-800x550.jpg 800w, https://sunnsait.at/wp-content/uploads/2024/12/Foto-Fruehstueck-Matthias-Warter-quer-60x40.jpg 60w, https://sunnsait.at/wp-content/uploads/2024/12/Foto-Fruehstueck-Matthias-Warter-quer-170x117.jpg 170w, https://sunnsait.at/wp-content/uploads/2024/12/Foto-Fruehstueck-Matthias-Warter-quer.jpg 1600w" sizes="auto, (max-width: 200px) 100vw, 200px" /></a></p>

Frühstückswagen im Sunnsait Urlaub
