{"id":1965,"date":"2013-11-21T17:49:42","date_gmt":"2013-11-21T15:49:42","guid":{"rendered":"http:\/\/sunnsait.at\/wp-content\/uploads\/2013\/09\/DSC5262.jpg"},"modified":"2013-11-21T17:49:42","modified_gmt":"2013-11-21T15:49:42","slug":"die-fotos-d%c2%9frfen-ausschlie%c2%a7lich-f%c2%9fr-marketingma%c2%a7nahmen-der-ferienwohnungen-sunnsait-familie-eder-lanzinger-oberdorf-14-a-5761-maria-alm-%c2%85sterreich-verwendet-werden-je-5-2","status":"inherit","type":"attachment","link":"https:\/\/sunnsait.at\/en\/live\/die-fotos-d%c2%9frfen-ausschlie%c2%a7lich-f%c2%9fr-marketingma%c2%a7nahmen-der-ferienwohnungen-sunnsait-familie-eder-lanzinger-oberdorf-14-a-5761-maria-alm-%c2%85sterreich-verwendet-werden-je-5-2\/","title":{"rendered":"Schlafzimmer mit Boxspringbetten"},"author":2,"featured_media":0,"comment_status":"open","ping_status":"open","template":"","meta":{"_acf_changed":false},"class_list":["post-1965","attachment","type-attachment","status-inherit","hentry"],"acf":[],"yoast_head":"<!-- This site is optimized with the Yoast SEO plugin v27.3 - https:\/\/yoast.com\/product\/yoast-seo-wordpress\/ -->\n<title>Schlafzimmer mit Boxspringbetten - Sunnsait, Appartements f\u00fcr Genie\u00dfer<\/title>\n<meta name=\"robots\" content=\"index, follow, max-snippet:-1, max-image-preview:large, max-video-preview:-1\" \/>\n<meta property=\"og:locale\" content=\"en_US\" \/>\n<meta property=\"og:type\" content=\"article\" \/>\n<meta property=\"og:title\" content=\"Schlafzimmer mit Boxspringbetten - Sunnsait, Appartements f\u00fcr Genie\u00dfer\" \/>\n<meta property=\"og:description\" content=\"Schlafzimmer mit Boxspringbetten\" \/>\n<meta property=\"og:site_name\" content=\"Sunnsait, Appartements f\u00fcr Genie\u00dfer\" \/>\n<meta property=\"og:image\" content=\"https:\/\/sunnsait.at\/wp-content\/uploads\/2013\/09\/DSC5262.jpg\" \/>\n\t<meta property=\"og:image:width\" content=\"1627\" \/>\n\t<meta property=\"og:image:height\" content=\"1091\" \/>\n\t<meta property=\"og:image:type\" content=\"image\/jpeg\" \/>\n<script type=\"application\/ld+json\" class=\"yoast-schema-graph\">{\"@context\":\"https:\\\/\\\/schema.org\",\"@graph\":[{\"@type\":\"WebPage\",\"@id\":null,\"url\":null,\"name\":\"Schlafzimmer mit Boxspringbetten - Sunnsait, Appartements f\u00fcr Genie\u00dfer\",\"isPartOf\":{\"@id\":\"https:\\\/\\\/sunnsait.at\\\/en\\\/#website\"},\"datePublished\":\"2013-11-21T15:49:42+00:00\",\"breadcrumb\":{\"@id\":\"#breadcrumb\"},\"inLanguage\":\"en-US\",\"potentialAction\":[{\"@type\":\"ReadAction\",\"target\":[null]}]},{\"@type\":\"BreadcrumbList\",\"@id\":\"#breadcrumb\",\"itemListElement\":[{\"@type\":\"ListItem\",\"position\":1,\"name\":\"Home\",\"item\":\"https:\\\/\\\/sunnsait.at\\\/en\\\/\"},{\"@type\":\"ListItem\",\"position\":2,\"name\":\"Live\",\"item\":\"https:\\\/\\\/sunnsait.at\\\/en\\\/live\\\/\"},{\"@type\":\"ListItem\",\"position\":3,\"name\":\"Schlafzimmer mit Boxspringbetten\"}]},{\"@type\":\"WebSite\",\"@id\":\"https:\\\/\\\/sunnsait.at\\\/en\\\/#website\",\"url\":\"https:\\\/\\\/sunnsait.at\\\/en\\\/\",\"name\":\"Sunnsait, Appartements f\u00fcr Genie\u00dfer\",\"description\":\"Eine weitere WordPress-Seite\",\"potentialAction\":[{\"@type\":\"SearchAction\",\"target\":{\"@type\":\"EntryPoint\",\"urlTemplate\":\"https:\\\/\\\/sunnsait.at\\\/en\\\/?s={search_term_string}\"},\"query-input\":{\"@type\":\"PropertyValueSpecification\",\"valueRequired\":true,\"valueName\":\"search_term_string\"}}],\"inLanguage\":\"en-US\"}]}<\/script>\n<!-- \/ Yoast SEO plugin. -->","yoast_head_json":{"title":"Schlafzimmer mit Boxspringbetten - Sunnsait, Appartements f\u00fcr Genie\u00dfer","robots":{"index":"index","follow":"follow","max-snippet":"max-snippet:-1","max-image-preview":"max-image-preview:large","max-video-preview":"max-video-preview:-1"},"og_locale":"en_US","og_type":"article","og_title":"Schlafzimmer mit Boxspringbetten - Sunnsait, Appartements f\u00fcr Genie\u00dfer","og_description":"Schlafzimmer mit Boxspringbetten","og_site_name":"Sunnsait, Appartements f\u00fcr Genie\u00dfer","og_image":[{"width":1627,"height":1091,"url":"https:\/\/sunnsait.at\/wp-content\/uploads\/2013\/09\/DSC5262.jpg","type":"image\/jpeg"}],"schema":{"@context":"https:\/\/schema.org","@graph":[{"@type":"WebPage","@id":null,"url":null,"name":"Schlafzimmer mit Boxspringbetten - Sunnsait, Appartements f\u00fcr Genie\u00dfer","isPartOf":{"@id":"https:\/\/sunnsait.at\/en\/#website"},"datePublished":"2013-11-21T15:49:42+00:00","breadcrumb":{"@id":"#breadcrumb"},"inLanguage":"en-US","potentialAction":[{"@type":"ReadAction","target":[null]}]},{"@type":"BreadcrumbList","@id":"#breadcrumb","itemListElement":[{"@type":"ListItem","position":1,"name":"Home","item":"https:\/\/sunnsait.at\/en\/"},{"@type":"ListItem","position":2,"name":"Live","item":"https:\/\/sunnsait.at\/en\/live\/"},{"@type":"ListItem","position":3,"name":"Schlafzimmer mit Boxspringbetten"}]},{"@type":"WebSite","@id":"https:\/\/sunnsait.at\/en\/#website","url":"https:\/\/sunnsait.at\/en\/","name":"Sunnsait, Appartements f\u00fcr Genie\u00dfer","description":"Eine weitere WordPress-Seite","potentialAction":[{"@type":"SearchAction","target":{"@type":"EntryPoint","urlTemplate":"https:\/\/sunnsait.at\/en\/?s={search_term_string}"},"query-input":{"@type":"PropertyValueSpecification","valueRequired":true,"valueName":"search_term_string"}}],"inLanguage":"en-US"}]}},"description":{"rendered":"<p class=\"attachment\"><a href='https:\/\/sunnsait.at\/wp-content\/uploads\/2013\/09\/DSC5262.jpg'><img loading=\"lazy\" decoding=\"async\" width=\"200\" height=\"134\" src=\"https:\/\/sunnsait.at\/wp-content\/uploads\/2013\/09\/DSC5262-200x134.jpg\" class=\"attachment-medium size-medium\" alt=\"\" srcset=\"https:\/\/sunnsait.at\/wp-content\/uploads\/2013\/09\/DSC5262-200x134.jpg 200w, https:\/\/sunnsait.at\/wp-content\/uploads\/2013\/09\/DSC5262-440x295.jpg 440w, https:\/\/sunnsait.at\/wp-content\/uploads\/2013\/09\/DSC5262-74x50.jpg 74w, https:\/\/sunnsait.at\/wp-content\/uploads\/2013\/09\/DSC5262-1600x1072.jpg 1600w, https:\/\/sunnsait.at\/wp-content\/uploads\/2013\/09\/DSC5262-800x536.jpg 800w, https:\/\/sunnsait.at\/wp-content\/uploads\/2013\/09\/DSC5262-60x40.jpg 60w, https:\/\/sunnsait.at\/wp-content\/uploads\/2013\/09\/DSC5262.jpg 1627w\" sizes=\"auto, (max-width: 200px) 100vw, 200px\" \/><\/a><\/p>\n<p>Schlafzimmer mit Boxspringbetten<\/p>\n"},"caption":{"rendered":"<p>Schlafzimmer mit Boxspringbetten<\/p>\n"},"alt_text":"","media_type":"image","mime_type":"image\/jpeg","media_details":{"width":1627,"height":1091,"file":"2013\/09\/DSC5262.jpg","sizes":{"thumbnail":{"file":"DSC5262-150x150.jpg","width":150,"height":150,"mime_type":"image\/jpeg","source_url":"https:\/\/sunnsait.at\/wp-content\/uploads\/2013\/09\/DSC5262-150x150.jpg"},"medium":{"file":"DSC5262-200x134.jpg","width":200,"height":134,"mime_type":"image\/jpeg","source_url":"https:\/\/sunnsait.at\/wp-content\/uploads\/2013\/09\/DSC5262-200x134.jpg"},"large":{"file":"DSC5262-440x295.jpg","width":440,"height":295,"mime_type":"image\/jpeg","source_url":"https:\/\/sunnsait.at\/wp-content\/uploads\/2013\/09\/DSC5262-440x295.jpg"},"partnerlogo":{"file":"DSC5262-74x50.jpg","width":74,"height":50,"mime_type":"image\/jpeg","source_url":"https:\/\/sunnsait.at\/wp-content\/uploads\/2013\/09\/DSC5262-74x50.jpg"},"bg-l":{"file":"DSC5262-1600x1072.jpg","width":1600,"height":1072,"mime_type":"image\/jpeg","source_url":"https:\/\/sunnsait.at\/wp-content\/uploads\/2013\/09\/DSC5262-1600x1072.jpg"},"bg-s":{"file":"DSC5262-800x536.jpg","width":800,"height":536,"mime_type":"image\/jpeg","source_url":"https:\/\/sunnsait.at\/wp-content\/uploads\/2013\/09\/DSC5262-800x536.jpg"},"bg-thumb":{"file":"DSC5262-60x40.jpg","width":60,"height":40,"mime_type":"image\/jpeg","source_url":"https:\/\/sunnsait.at\/wp-content\/uploads\/2013\/09\/DSC5262-60x40.jpg"},"gallery-thumb":{"file":"DSC5262-240x240.jpg","width":240,"height":240,"mime_type":"image\/jpeg","source_url":"https:\/\/sunnsait.at\/wp-content\/uploads\/2013\/09\/DSC5262-240x240.jpg"},"post-thumbnail":{"file":"DSC5262-125x125.jpg","width":125,"height":125,"mime_type":"image\/jpeg","source_url":"https:\/\/sunnsait.at\/wp-content\/uploads\/2013\/09\/DSC5262-125x125.jpg"},"full":{"file":"DSC5262.jpg","width":1627,"height":1091,"mime_type":"image\/jpeg","source_url":"https:\/\/sunnsait.at\/wp-content\/uploads\/2013\/09\/DSC5262.jpg"}},"image_meta":{"aperture":13,"credit":"www.guenterstandl.de","camera":"NIKON D3X","caption":"Die Fotos d\u00fcrfen ausschlie\u00dflich f\u00fcr Marketingma\u00dfnahmen der Ferienwohnungen SUNNSAIT - Familie Eder-Lanzinger - Oberdorf 14 - A-5761 Maria Alm - \u00d6sterreich verwendet werden. Jegliche Nutzung Dritter ist mit dem Bildautor G\u00fcnter Standl (www.guenterstandl.de) gesondert zu vereinbaren.","created_timestamp":1384774806,"copyright":"Die Fotos d\u00fcrfen ausschlie\u00dflich f\u00fcr Marketingma\u00dfnahmen der Ferienwohnungen SUNNSAIT - Familie Eder-Lanzinger - Oberdorf 14 - A-5761 Maria Alm - \u00d6sterreich verwendet werden. Jegliche Nutzung Dritter ist mit dem Bildautor G\u00fcnter Standl (www.guenterstandl.de) gesondert zu vereinbaren.","focal_length":"38","iso":"100","shutter_speed":"3","title":"Die Fotos d\u009frfen ausschlie\u00a7lich f\u009fr Marketingma\u00a7nahmen der Ferienwohnungen SUNNSAIT - Familie Eder-Lanzinger - Oberdorf 14 - A-5761 Maria Alm - \u0085sterreich verwendet werden. Jegliche Nutzung Dritter ist mit dem Bildautor G\u009fnter Standl (www.guenterstandl.de"}},"post":1587,"source_url":"https:\/\/sunnsait.at\/wp-content\/uploads\/2013\/09\/DSC5262.jpg","_links":{"self":[{"href":"https:\/\/sunnsait.at\/en\/wp-json\/wp\/v2\/media\/1965","targetHints":{"allow":["GET"]}}],"collection":[{"href":"https:\/\/sunnsait.at\/en\/wp-json\/wp\/v2\/media"}],"about":[{"href":"https:\/\/sunnsait.at\/en\/wp-json\/wp\/v2\/types\/attachment"}],"author":[{"embeddable":true,"href":"https:\/\/sunnsait.at\/en\/wp-json\/wp\/v2\/users\/2"}],"replies":[{"embeddable":true,"href":"https:\/\/sunnsait.at\/en\/wp-json\/wp\/v2\/comments?post=1965"}],"wp:attached-to":[{"embeddable":true,"post_type":"page","id":1587,"href":"https:\/\/sunnsait.at\/en\/wp-json\/wp\/v2\/pages\/1587"}],"curies":[{"name":"wp","href":"https:\/\/api.w.org\/{rel}","templated":true}]}}

<!-- This site is optimized with the Yoast SEO plugin v27.3 - https://yoast.com/product/yoast-seo-wordpress/ -->
<title>Schlafzimmer mit Boxspringbetten - Sunnsait, Appartements für Genießer</title>
<meta name="robots" content="index, follow, max-snippet:-1, max-image-preview:large, max-video-preview:-1" />
<meta property="og:locale" content="en_US" />
<meta property="og:type" content="article" />
<meta property="og:title" content="Schlafzimmer mit Boxspringbetten - Sunnsait, Appartements für Genießer" />
<meta property="og:description" content="Schlafzimmer mit Boxspringbetten" />
<meta property="og:site_name" content="Sunnsait, Appartements für Genießer" />
<meta property="og:image" content="https://sunnsait.at/wp-content/uploads/2013/09/DSC5262.jpg" />
	<meta property="og:image:width" content="1627" />
	<meta property="og:image:height" content="1091" />
	<meta property="og:image:type" content="image/jpeg" />
<script type="application/ld+json" class="yoast-schema-graph">{"@context":"https:\/\/schema.org","@graph":[{"@type":"WebPage","@id":null,"url":null,"name":"Schlafzimmer mit Boxspringbetten - Sunnsait, Appartements für Genießer","isPartOf":{"@id":"https:\/\/sunnsait.at\/en\/#website"},"datePublished":"2013-11-21T15:49:42+00:00","breadcrumb":{"@id":"#breadcrumb"},"inLanguage":"en-US","potentialAction":[{"@type":"ReadAction","target":[null]}]},{"@type":"BreadcrumbList","@id":"#breadcrumb","itemListElement":[{"@type":"ListItem","position":1,"name":"Home","item":"https:\/\/sunnsait.at\/en\/"},{"@type":"ListItem","position":2,"name":"Live","item":"https:\/\/sunnsait.at\/en\/live\/"},{"@type":"ListItem","position":3,"name":"Schlafzimmer mit Boxspringbetten"}]},{"@type":"WebSite","@id":"https:\/\/sunnsait.at\/en\/#website","url":"https:\/\/sunnsait.at\/en\/","name":"Sunnsait, Appartements für Genießer","description":"Eine weitere WordPress-Seite","potentialAction":[{"@type":"SearchAction","target":{"@type":"EntryPoint","urlTemplate":"https:\/\/sunnsait.at\/en\/?s={search_term_string}"},"query-input":{"@type":"PropertyValueSpecification","valueRequired":true,"valueName":"search_term_string"}}],"inLanguage":"en-US"}]}</script>
<!-- / Yoast SEO plugin. -->

Schlafzimmer mit Boxspringbetten - Sunnsait, Appartements für Genießer

Sunnsait, Appartements für Genießer

Die Fotos dürfen ausschließlich für Marketingmaßnahmen der Ferienwohnungen SUNNSAIT - Familie Eder-Lanzinger - Oberdorf 14 - A-5761 Maria Alm - Österreich verwendet werden. Jegliche Nutzung Dritter ist mit dem Bildautor Günter Standl (www.guenterstandl.de) gesondert zu vereinbaren.
